{"id":101,"date":"2020-11-08T10:22:14","date_gmt":"2020-11-08T10:22:14","guid":{"rendered":"http:\/\/www.prohietalahti.fi\/?page_id=101"},"modified":"2024-06-17T12:20:09","modified_gmt":"2024-06-17T12:20:09","slug":"liity-jaseneksi","status":"publish","type":"page","link":"http:\/\/www.prohietalahti.fi\/?page_id=101","title":{"rendered":"Liity j\u00e4seneksi"},"content":{"rendered":"\n<p>Yhdistykseen voivat liitty\u00e4 kaikki Hietalahdesta kiinnostuneet, jotka allekirjoittavat yhdistyksen <a href=\"http:\/\/www.prohietalahti.fi\/?page_id=256\" data-type=\"URL\" data-id=\"http:\/\/www.prohietalahti.fi\/?page_id=256\" target=\"_blank\" rel=\"noreferrer noopener\">tavoittee<\/a>t.<\/p>\n\n\n\n<p>Vuonna 2024 yhdistyksen varsinaisten j\u00e4senten j\u00e4senmaksu on 20 euroa ja kannattajaj\u00e4senmaksu 50 euroa. J\u00e4seneksi liittyminen tapahtuu s\u00e4hk\u00f6postitse info ( a ) prohietalahti.fi. Ilmoitathan kotiosoitteesi ja s\u00e4hk\u00f6postiosoitteesi.<\/p>\n\n\n\n<p>Jos edustamasi yhteis\u00f6\/yhti\u00f6 haluaa liitty\u00e4 kannattajaj\u00e4seneksi, ole hyv\u00e4 ja laita viesti\u00e4 puheenjohtajalle taru ( a ) prohietalahti.fi.<\/p>\n\n\n\n<p><strong>Liittyess\u00e4si Pro Hietalahti ry:n j\u00e4seneksi ja sitoudut maksamaan yhdistyksen j\u00e4senmaksut<\/strong>.<\/p>\n\n\n\n<p>Tervetuloa j\u00e4seneksi!<\/p>\n\n\n\n<p><strong> <\/strong>Pro Hietalahti ry ker\u00e4\u00e4 j\u00e4senilt\u00e4\u00e4n tiedot yhdistyslain mukaiseen j\u00e4senluetteloon.<\/p>\n\n\n\n<div class=\"wp-block-file\"><a href=\"http:\/\/www.prohietalahti.fi\/wp-content\/uploads\/2020\/12\/Pro-Hietalahti-tietosuojaseloste.pdf\">Pro Hietalahti ry tietosuojaseloste<\/a><a href=\"http:\/\/www.prohietalahti.fi\/wp-content\/uploads\/2020\/12\/Pro-Hietalahti-tietosuojaseloste.pdf\" class=\"wp-block-file__button\" download>Lataa<\/a><\/div>\n\n\n\n<p><\/p>\n","protected":false},"excerpt":{"rendered":"<p>Yhdistykseen voivat liitty\u00e4 kaikki Hietalahdesta kiinnostuneet, jotka allekirjoittavat yhdistyksen tavoitteet. Vuonna 2024 yhdistyksen varsinaisten j\u00e4senten j\u00e4senmaksu on 20 euroa ja kannattajaj\u00e4senmaksu 50 euroa. J\u00e4seneksi liittyminen tapahtuu s\u00e4hk\u00f6postitse info ( a ) prohietalahti.fi. Ilmoitathan kotiosoitteesi ja s\u00e4hk\u00f6postiosoitteesi. Jos edustamasi yhteis\u00f6\/yhti\u00f6 haluaa liitty\u00e4 kannattajaj\u00e4seneksi, ole hyv\u00e4 ja laita viesti\u00e4 puheenjohtajalle taru ( a ) prohietalahti.fi. Liittyess\u00e4si Pro &hellip; <\/p>\n<p class=\"link-more\"><a href=\"http:\/\/www.prohietalahti.fi\/?page_id=101\" class=\"more-link\">Jatka lukemista<span class=\"screen-reader-text\"> &#8221;Liity j\u00e4seneksi&#8221;<\/span><\/a><\/p>\n","protected":false},"author":1,"featured_media":0,"parent":0,"menu_order":0,"comment_status":"closed","ping_status":"closed","template":"","meta":{"footnotes":""},"_links":{"self":[{"href":"http:\/\/www.prohietalahti.fi\/index.php?rest_route=\/wp\/v2\/pages\/101"}],"collection":[{"href":"http:\/\/www.prohietalahti.fi\/index.php?rest_route=\/wp\/v2\/pages"}],"about":[{"href":"http:\/\/www.prohietalahti.fi\/index.php?rest_route=\/wp\/v2\/types\/page"}],"author":[{"embeddable":true,"href":"http:\/\/www.prohietalahti.fi\/index.php?rest_route=\/wp\/v2\/users\/1"}],"replies":[{"embeddable":true,"href":"http:\/\/www.prohietalahti.fi\/index.php?rest_route=%2Fwp%2Fv2%2Fcomments&post=101"}],"version-history":[{"count":19,"href":"http:\/\/www.prohietalahti.fi\/index.php?rest_route=\/wp\/v2\/pages\/101\/revisions"}],"predecessor-version":[{"id":1623,"href":"http:\/\/www.prohietalahti.fi\/index.php?rest_route=\/wp\/v2\/pages\/101\/revisions\/1623"}],"wp:attachment":[{"href":"http:\/\/www.prohietalahti.fi\/index.php?rest_route=%2Fwp%2Fv2%2Fmedia&parent=101"}],"curies":[{"name":"wp","href":"https:\/\/api.w.org\/{rel}","templated":true}]}}